 the prime factors of 2277.
3, 11, 23
List the prime factors of 76998.
2, 3, 41, 313
What are the prime factors of 19324?
2, 4831
What are the prime factors of 898?
2, 449
What are the prime factors of 79490?
2, 5, 7949
What are the prime factors of 32411?
32411
What are the prime factors of 26722?
2, 31, 431
List the prime factors of 7581.
3, 7, 19
List the prime factors of 61186.
2, 30593
What are the prime factors of 1138?
2, 569
List the prime factors of 15071.
7, 2153
List the prime factors of 2601.
3, 17
What are the prime factors of 1745?
5, 349
List the prime factors of 77748.
2, 3, 11, 19, 31
What are the prime factors of 196?
2, 7
List the prime factors of 77404.
2, 37, 523
List the prime factors of 15071.
7, 2153
What are the prime factors of 1877?
1877
What are the prime factors of 1301?
1301
What are the prime factors of 1896?
2, 3, 79
List the prime factors of 757.
757
What are the prime factors of 13732?
2, 3433
List the prime factors of 14624.
2, 457
What are the prime factors of 20767?
19, 1093
List the prime factors of 11279.
11279
List the prime factors of 12432.
2, 3, 7, 37
What are the prime factors of 12361?
47, 263
What are the prime factors of 3653?
13, 281
List the prime factors of 14083.
14083
List the prime factors of 9341.
9341
List the prime factors of 27467.
11, 227
What are the prime factors of 817?
19, 43
List the prime factors of 42598.
2, 19, 59
List the prime factors of 40217.
131, 307
What are the prime factors of 17200?
2, 5, 43
List the prime factors of 1967.
7, 281
List the prime factors of 75991.
75991
List the prime factors of 965.
5, 193
What are the prime factors of 112078?
2, 56039
List the prime factors of 654.
2, 3, 109
What are the prime factors of 5827?
5827
List the prime factors of 9420.
2, 3, 5, 157
What are the prime factors of 4396?
2, 7, 157
What are the prime factors of 30034?
2, 15017
List the prime factors of 1002.
2, 3, 167
What are the prime factors of 955?
5, 191
What are the prime factors of 1079?
13, 83
List the prime factors of 2901.
3, 967
What are the prime factors of 1547?
7, 13, 17
List the prime factors of 190.
2, 5, 19
List the prime factors of 133959.
3, 7, 6379
List the prime factors of 8853.
3, 13, 227
What are the prime factors of 11937?
3, 23, 173
List the prime factors of 9271.
73, 127
List the prime factors of 23107.
7, 3301
List the prime factors of 1329.
3, 443
List the prime factors of 6195.
3, 5, 7, 59
What are the prime factors of 6315?
3, 5, 421
What are the prime factors of 2088?
2, 3, 29
What are the prime factors of 19536?
2, 3, 11, 37
What are the prime factors of 10903?
10903
List the prime factors of 31854.
2, 3, 5309
What are the prime factors of 276?
2, 3, 23
List the prime factors of 686.
2, 7
List the prime factors of 121803.
3, 11, 3691
What are the prime factors of 1325?
5, 53
What are the prime factors of 2480?
2, 5, 31
List the prime factors of 54397.
7, 19, 409
What are the prime factors of 69?
3, 23
List the prime factors of 599.
599
What are the prime factors of 1388?
2, 347
List the prime factors of 2733.
3, 911
What are the prime factors of 621?
3, 23
What are the prime factors of 71929?
11, 13, 503
List the prime factors of 6750.
2, 3, 5
What are the prime factors of 15555?
3, 5, 17, 61
List the prime factors of 671.
11, 61
List the prime factors of 10172.
2, 2543
List the prime factors of 1521.
3, 13
What are the prime factors of 2757?
3, 919
What are the prime factors of 85?
5, 17
What are the prime factors of 10237?
29, 353
List the prime factors of 2067.
3, 13, 53
List the prime factors of 773.
773
List the prime factors of 2060.
2, 5, 103
List the prime factors of 11870.
2, 5, 1187
List the prime factors of 2293.
2293
What are the prime factors of 12356?
2, 3089
List the prime factors of 26243.
7, 23, 163
What are the prime factors of 73278?
2, 3, 23, 59
What are the prime factors of 4268?
2, 11, 97
List the prime factors of 917.
7, 131
List the prime factors of 871.
13, 67
List the prime factors of 9981.
3, 1109
What are the prime factors of 7727?
7727
List the prime factors of 18593.
18593
List the prime factors of 736.
2, 23
What are the prime factors of 381?
3, 127
List the prime factors of 7607.
7607
What are the prime factors of 4656?
2, 3, 97
List the prime factors of 73929.
3, 19, 1297
What are the prime factors of 460?
2, 5, 23
List the prime factors of 97179.
3, 29, 1117
List the prime factors of 109526.
2, 23, 2381
What are the prime factors of 4372?
2, 1093
What are the prime factors of 12501?
3, 463
What are the prime factors of 6309?
3, 701
What are the prime factors of 4718?
2, 7, 337
What are the prime factors of 92803?
17, 53, 103
List the prime factors of 52159.
43, 1213
List the prime factors of 510.
2, 3, 5, 17
What are the prime factors of 13848?
2, 3, 577
List the prime factors of 2507.
23, 109
List the prime factors of 60944.
2, 13, 293
What are the prime factors of 57221?
57221
What are the prime factors of 1647?
3, 61
List the prime factors of 8096.
2, 11, 23
What are the prime factors of 5872?
2, 367
What are the prime factors of 10?
2, 5
List the prime factors of 71169.
3, 7, 3389
What are the prime factors of 77001?
3, 25667
List the prime factors of 7637.
7, 1091
List the prime factors of 10713.
3, 3571
What are the prime factors of 46812?
2, 3, 47, 83
List the prime factors of 2167.
11, 197
List the prime factors of 794.
2, 397
What are the prime factors of 8023?
71, 113
What are the prime factors of 14662?
2, 7331
What are the prime factors of 4622?
2, 2311
What are the prime factors of 497?
7, 71
List the prime factors of 1130.
2, 5, 113
What are the prime factors of 16652?
2, 23, 181
List the prime factors of 6799.
13, 523
What are the prime factors of 607?
607
What are the prime factors of 2421?
3, 269
List the prime factors of 2590.
2, 5, 7, 37
What are the prime factors of 1556?
2, 389
List the prime factors of 7991.
61, 131
List the prime factors of 26382.
2, 3, 4397
List the prime factors of 4989.
3, 1663
What are the prime factors of 13873?
13873
List the prime factors of 3601.
13, 277
What are the prime factors of 7842?
2, 3, 1307
List the prime factors of 979.
11, 89
List the prime factors of 8434.
2, 4217
List the prime factors of 51545.
5, 13, 61
List the prime factors of 311.
311
What are the prime factors of 9772?
2, 7, 349
List the prime factors of 2126.
2, 1063
List the prime factors of 50141.
7, 13, 19, 29
What are the prime factors of 10328?
2, 1291
What are the prime factors of 5690?
2, 5, 569
What are the prime factors of 3223?
11, 293
What are the prime factors of 25949?
7, 11, 337
What are the prime factors of 5207?
41, 127
List the prime factors of 87538.
2, 11, 23, 173
List the prime factors of 31661.
7, 4523
List the prime factors of 45070.
2, 5, 4507
What are the prime factors of 878?
2, 439
List the prime factors of 6262.
2, 31, 101
List the prime factors of 7975.
5, 11, 29
What are the prime factors of 15511?
15511
What are the prime factors of 1027?
13, 79
List the prime factors of 15441.
3, 5147
What are the prime factors of 13650?
2, 3, 5, 7, 13
List the prime factors of 22007.
59, 373
List the prime factors of 18278.
2, 13, 19, 37
List the prime factors of 9382.
2, 4691
List the prime factors of 30526.
2, 15263
What are the prime factors of 3151?
23, 137
What are the prime factors of 7895?
5, 1579
What are the prime factors of 123?
3, 41
List the prime factors of 13805.
5, 11, 251
List the prime factors of 1607.
1607
What are the prime factors of 4941?
3, 61
List the prime factors of 98.
2, 7
What are the prime factors of 16?
2
What are the prime factors of 74?
2, 37
List the prime factors of 4092.
2, 3, 11, 31
What are the prime factors of 1237?
1237
List the prime factors of 1084.
2, 271
List the prime factors of 29019.
3, 17, 569
What are the prime factors of 2198?
2, 7, 157
What are the prime factors of 2688?
2, 3, 7
What are the prime factors of 9095?
5, 17, 107
List the prime factors of 1281.
3, 7, 61
List the prime factors of 475.
5, 19
List the prime factors of 2813.
29, 97
What are the prime factors of 7332?
2, 3, 13, 47
What are the prime factors of 26423?
26423
What are the prime factors of 11775?
3, 5, 157
List the prime factors of 3495.
3, 5, 233
What are the